 8870 = -7*m, 4*f = -5*m + 11775. What are the prime factors of f?
2, 5, 59
Let x(k) = 21*k + 45. Let s = -77 + 83. Let m be x(s). Suppose m = 11*p - 8*p. What are the prime factors of p?
3, 19
Let l be 4/14 + 442/119. Suppose l*q = 2*f - f + 894, 3*f = 5*q - 1121. What are the prime factors of q?
223
Let a(b) be the first derivative of -85*b**2 - 86*b - 110. List the prime factors of a(-6).
2, 467
Suppose -847 = 12*g - 23*g. Suppose -k = 73 - g. What are the prime factors of k?
2
Let f = 452 + -86. Let k = f + -549. Let o = 339 + k. What are the prime factors of o?
2, 3, 13
Let x be 1 + 23/((-46)/(-3740)). Let k = -720 + x. List the prime factors of k.
1151
Suppose -2 = 2*q + 4. Let l(h) = 7*h - 256*h**2 - 2*h - 263*h**2 + 527*h**2 + 8. List the prime factors of l(q).
5, 13
Suppose -276916 = -40*c - 876. What are the prime factors of c?
67, 103
Let t be (-5)/10 + 21/6. Suppose y - 472 = -3*c + 5*y, -t*y = -3*c + 471. Suppose 0*l + u = -l + 154, 0 = -l + u + c. What are the prime factors of l?
5, 31
Suppose 40*l - 30*l - 17570 = 0. Suppose -3*i + l = 4*x, i + 319 + 1442 = 4*x. List the prime factors of x.
2, 5, 11
Let g(k) = k**2 + 2*k + 1430. Let a be g(0). Let z be a/2 + (-2)/(-2). Suppose -3*h - z = -5*m + 203, -5*m = 2*h - 904. What are the prime factors of m?
2, 7, 13
Suppose -6*h + 4*h + 18 = 0. Suppose 19 = 2*m - 5*a, 3*m - h - 9 = -3*a. Suppose -m*u + 242 = 88. What are the prime factors of u?
2, 11
Suppose -62476 + 20428 = -12*m. List the prime factors of m.
2, 3, 73
Suppose 4*a - 3066 - 2085 = i, -1299 = -a + 4*i. Suppose -2*g + 1282 = 3*j + j, -3*g + a = 4*j. List the prime factors of j.
2, 3, 53
Suppose 6*d - 588 = 1992. Suppose -d = -28*z + 18*z. What are the prime factors of z?
43
Let c be 7 - 10/2 - -1*2. Suppose -4*k + 1131 = -0*b - b, 4*k = c*b + 1116. Let h = -164 + k. List the prime factors of h.
2, 3, 5
Let k(z) be the third derivative of z**5/15 - z**4/8 + 13*z**3/6 + 6*z**2. Let a be k(-9). Suppose s - 8*s + a = 0. What are the prime factors of s?
2, 13
Let x = 812 - 566. Suppose -5*g = 3474 + x. List the prime factors of (g/(-4) + 7)*(0 + 1).
193
Let i = -4578 - -5154. What are the prime factors of i?
2, 3
Let j = -7818 + 23900. What are the prime factors of j/68 + (-6)/4 + 1?
2, 59
Suppose 0 = -18*h + 71*h - 2616359 - 563482. What are the prime factors of h?
3, 7, 2857
Let t be (1 + -2)/((-3)/1944). Suppose -10*k + 8 = -272. List the prime factors of t/14 - 8/k.
2, 23
Let y = -11 - 24. Let k = -29 - y. Suppose k*n - 125 = n. List the prime factors of n.
5
Suppose 0*l = 3*l + a - 7, 4*a = -l + 6. Suppose -4*t + 1519 = 5*k, 0 = -k + t - l*t + 303. List the prime factors of k.
307
Suppose -31*x + 164136 = 11*x. List the prime factors of x.
2, 977
Let i be (-11)/((-66)/24)*4. List the prime factors of (-42)/(-1)*i/8*4.
2, 3, 7
Suppose 133961 = 3*y - 34*y + 1416493. What are the prime factors of y?
2, 10343
Let g = -6 - -14. Suppose -13*w + g = -17*w. List the prime factors of (w/3)/((-8)/432).
2, 3
Let d(p) = 10*p - 9. Suppose -2*f - 8*f + 30 = 0. Suppose 0 = -f*q + 5*w, -3*q + 6 = 2*w - 5*w. List the prime factors of d(q).
41
Suppose 4*z + 3*g - 3203 = 0, 2*z + 5*g + 2424 = 5*z. What are the prime factors of z?
11, 73
Suppose -f = w - 25388, 4*w + 5*f - 32116 = 69436. List the prime factors of w.
2, 11, 577
Let u = 9 - 2. Suppose -12*q + 40 = -u*q. Suppose 2*l = 2*c - 238, 4*c + 2*l + 474 = q*c. List the prime factors of c.
2, 59
Let c = 129 + -616. Let o = c - -1072. What are the prime factors of o?
3, 5, 13
Let r be 1*2*8/16 - -805. What are the prime factors of (2 - (-22)/(-10)) + r/5?
7, 23
Let n = 46625 - 40257. What are the prime factors of n?
2, 199
Let g = -480 + 575. Suppose 103*n = g*n + 672. List the prime factors of n.
2, 3, 7
Let d(m) = 3*m**2 - 58*m + 37. Suppose 0 = 5*y + 4*k - 102, 3*y = -k - 3*k + 58. What are the prime factors of d(y)?
3, 71
Let a = 16795 + -12067. List the prime factors of a.
2, 3, 197
Let v(b) = -4*b + 28. Let d be v(6). Let r be (1 - 1)*(d - 18/6). Suppose 4*w + 4 + r = 0, -4*y + 61 = -w. What are the prime factors of y?
3, 5
Let h(v) = -v**2 - 18*v + 14. Let g(d) = 2*d**2 + 37*d - 28. Let p(f) = 4*g(f) + 9*h(f). Let x be (-2)/((-60)/(-52) - 1). What are the prime factors of p(x)?
3
Let q = 17854 - -34095. List the prime factors of q.
51949
Let p(i) = 51*i + 2 + 18*i + 44*i - 106*i + 2*i**2. Let r = 2 + -9. List the prime factors of p(r).
3, 17
Suppose 2*k = -3*r + 62390, -2*r + 7*k - 9*k + 41590 = 0. Suppose 0 = 13*o + 13*o - r. What are the prime factors of o?
2, 5
Let u(z) = 77 - 18*z - 67 - 19*z - 8*z. Let k be u(-9). Suppose -3*s - 4*i + k = 0, -10 = 6*i - i. List the prime factors of s.
3, 47
Let r be 2/4*0 + 14. Suppose 0 = f - 0*c - 4*c - r, -f - 2*c = -14. Suppose 10*p - f*p = -348. What are the prime factors of p?
3, 29
Suppose a - 12 = -3*a, 3*f = -a + 6. Let w be 15 - 19 - (-103 + f). Let n = 229 - w. List the prime factors of n.
131
Let s be 12 - (-2)/(-4)*0. Let f(c) = -7 + s - 32 - 10*c. List the prime factors of f(-6).
3, 11
Let h = 596 - -4775. What are the prime factors of h?
41, 131
Suppose 5*z - 44 = -6*z. Let h(b) = -41 + b**2 + z*b + 261*b**3 - 4*b**2 + 40. What are the prime factors of h(1)?
3, 29
Let d(o) = 2910*o + 281. List the prime factors of d(2).
6101
Let i = 1060 + -1784. Let k = i + 1364. What are the prime factors of k?
2, 5
Suppose -13260 = 33*z - 35*z. What are the prime factors of z?
2, 3, 5, 13, 17
Suppose 44 = g + 2*a - 1, 2*a = -2*g + 92. Suppose 37 = -17*c + 16*c. Let s = c + g. List the prime factors of s.
2, 5
Suppose 401*g - 398*g = 4*p - 38062, 4*p + 3*g - 38098 = 0. What are the prime factors of p?
2, 5, 7, 17
Let p = -174 + 632. Suppose 2*a = 4*l + 32 + p, 490 = 2*a + 4*l. List the prime factors of a.
5, 7
Let r = -3388 + 10370. What are the prime factors of r?
2, 3491
Suppose 1295 + 3855 = -10*k. Let d = 2204 + k. What are the prime factors of d?
3, 563
Let j be (-1541)/(-268)*(-19 - (-2)/(-2)). Let g = j + 966. What are the prime factors of g?
23, 37
Let b(l) = -97*l**3 + 20*l**2 + 2*l - 5. Let h be b(-8). Suppose -h - 183 = -46*g. What are the prime factors of g?
11, 101
Suppose -3*n = 54 - 2388. Let f = n - 698. What are the prime factors of f?
2, 5
Let m(j) = 2763*j + 7909. What are the prime factors of m(9)?
2, 17, 241
Let z = 861 + 1047. Suppose -4*w + 2*a = -z, 10*a = 4*w + 7*a - 1908. What are the prime factors of w?
3, 53
Suppose 34560 - 62276 = -17*f + 110069. What are the prime factors of f?
5, 1621
Suppose 0 = 14*z - 15*z - 525. Let t = z + 603. What are the prime factors of t?
2, 3, 13
Let t(g) = -7*g**3 + 4*g**2 + 7*g - 6. Let u be t(4). What are the prime factors of (-2 - 1 - u)/1?
359
Let k be (3885/(-12))/7 + 3/12. Let d = -50 - k. What are the prime factors of 3971/171 + (d/18)/1?
23
What are the prime factors of ((-954)/12)/(12/968*-1)?
11, 53
Suppose -a = -l - 18048, 5*l = 5*a + 7*l - 90240. What are the prime factors of a?
2, 3, 47
Suppose 3*b + 7476 = c, -28*c + 27*c = b + 2492. Let y = b + 3527. List the prime factors of y.
3, 5, 23
Let x be -2 - ((-10)/2 + 1). Suppose f - 285 = -3*v, -x*v = 5*f - 355 - 1083. List the prime factors of f.
2, 3
List the prime factors of (-18)/(-225)*-5 + (-360282)/(-30).
3, 4003
Suppose 1001 = -3*v - 100. Let g(q) = -8*q - 737. Let y be g(-10). Let p = v - y. What are the prime factors of p?
2, 5, 29
Let a(z) = -z**3 + z**2 + 10*z - 14. Let p be a(2). What are the prime factors of 2/(p + (-4080)/2045)?
409
Let u = -152 + 154. Suppose 12*s = 7*s + 4*r + 4529, 1811 = u*s - r. List the prime factors of s.
5, 181
Suppose -2*c + 0*j + 10 = j, 0 = -2*c + 3*j + 18. Let x(h) = -6 + 6*h + 4*h**2 - h**3 + 2*h**2 + 0*h**3. What are the prime factors of x(c)?
2, 3, 5
Let y(h) = -340*h - 618. What are the prime factors of y(-21)?
2, 3, 1087
What are the prime factors of (5/5)/1 + 18486 + 29?
2, 3, 1543
Suppose 0 = -4*z + 12, 3*j - 4*z + 930 = -2*z. Suppose 5*k - 73*k = -21769 + 54409. Let c = j - k. What are the prime factors of c?
2, 43
Suppose -908341 = 7*p - 127*p + 2994179. List the prime factors of p.
17, 1913
Let l = 132 + -126. What are the prime factors of 1*(-18)/12*(-1220)/l?
5, 61
Suppose -37857 = -q + 5*f, -151353 = 29*q - 33*q - 5*f. What are the prime factors of q?
2, 3, 7, 17, 5